{"id":46,"date":"2020-12-08T10:57:41","date_gmt":"2020-12-08T10:57:41","guid":{"rendered":"http:\/\/sdhkolodeje.cz\/?page_id=46"},"modified":"2021-09-27T18:08:27","modified_gmt":"2021-09-27T18:08:27","slug":"kontakty","status":"publish","type":"page","link":"https:\/\/sdhkolodeje.cz\/index.php\/kontakty\/","title":{"rendered":"Kontakty"},"content":{"rendered":"\n<p><strong>SH-\u010cMS Sbor dobrovoln\u00fdch hasi\u010d\u016f Praha<\/strong> <strong>9 &#8211; Kolod\u011bje<\/strong><\/p>\n\n\n\n<p>K Dub\u010di 178\/11, Praha Kolod\u011bje  190 16 , I\u010c: 70892393<\/p>\n\n\n\n<p><strong>Starosta SDH<\/strong> : Vystav\u011bl Petr st. &#8211; starosta@sdhkolodeje.cz<\/p>\n\n\n\n<p><strong>N\u00e1m\u011bstek Starosty SDH:<\/strong> Koutn\u00fd Martin &#8211; namestek@sdhkolodeje.cz<\/p>\n\n\n\n<p><strong>Velitel SDH\/JSDH:<\/strong> Vystav\u011bl Petr ml. &#8211; velitel@sdhkolodeje.cz<\/p>\n\n\n\n<p><strong>Vedouc\u00ed ml\u00e1de\u017ee:<\/strong> Brach Petr &#8211; mladez@sdhkolodeje.cz<\/p>\n\n\n\n<p><strong>Preventista\/Technik JSDH:<\/strong> Koutn\u00fd Martin &#8211; referent@sdhkolodeje.cz<\/p>\n\n\n\n<p><strong>\u010clenov\u00e9 v\u00fdboru:<\/strong> Dobi\u00e1\u0161ovsk\u00fd Petr, Vit\u00e1\u010dek Ji\u0159\u00ed, Vystav\u011blov\u00e1 Sylva,       Bene\u0161 Ji\u0159\u00ed<\/p>\n\n\n\n<p><\/p>\n","protected":false},"excerpt":{"rendered":"<p>SH-\u010cMS Sbor dobrovoln\u00fdch hasi\u010d\u016f Praha 9 &#8211; Kolod\u011bje K Dub\u010di 178\/11, Praha Kolod\u011bje 190 16 , I\u010c: 70892393 Starosta SDH : Vystav\u011bl Petr st. &#8211; starosta@sdhkolodeje.cz N\u00e1m\u011bstek Starosty SDH: Koutn\u00fd Martin &#8211; namestek@sdhkolodeje.cz Velitel SDH\/JSDH: Vystav\u011bl Petr ml. &#8211; velitel@sdhkolodeje.cz Vedouc\u00ed ml\u00e1de\u017ee: Brach Petr &#8211; mladez@sdhkolodeje.cz Preventista\/Technik JSDH: Koutn\u00fd Martin &#8211; referent@sdhkolodeje.cz \u010clenov\u00e9 v\u00fdboru: Dobi\u00e1\u0161ovsk\u00fd [&hellip;]<\/p>\n","protected":false},"author":1,"featured_media":0,"parent":0,"menu_order":0,"comment_status":"closed","ping_status":"closed","template":"","meta":[],"_links":{"self":[{"href":"https:\/\/sdhkolodeje.cz\/index.php\/wp-json\/wp\/v2\/pages\/46"}],"collection":[{"href":"https:\/\/sdhkolodeje.cz\/index.php\/wp-json\/wp\/v2\/pages"}],"about":[{"href":"https:\/\/sdhkolodeje.cz\/index.php\/wp-json\/wp\/v2\/types\/page"}],"author":[{"embeddable":true,"href":"https:\/\/sdhkolodeje.cz\/index.php\/wp-json\/wp\/v2\/users\/1"}],"replies":[{"embeddable":true,"href":"https:\/\/sdhkolodeje.cz\/index.php\/wp-json\/wp\/v2\/comments?post=46"}],"version-history":[{"count":3,"href":"https:\/\/sdhkolodeje.cz\/index.php\/wp-json\/wp\/v2\/pages\/46\/revisions"}],"predecessor-version":[{"id":204,"href":"https:\/\/sdhkolodeje.cz\/index.php\/wp-json\/wp\/v2\/pages\/46\/revisions\/204"}],"wp:attachment":[{"href":"https:\/\/sdhkolodeje.cz\/index.php\/wp-json\/wp\/v2\/media?parent=46"}],"curies":[{"name":"wp","href":"https:\/\/api.w.org\/{rel}","templated":true}]}}